ert -908972 (base 10) to base 8.
-3357254
What is 55867c (base 15) in base 3?
21200012121100
What is 267029 (base 11) in base 2?
1100110010111100000
What is -1540433 (base 8) in base 16?
-6c11b
What is -530463 (base 8) in base 10?
-176435
-1377c7 (base 13) to base 7
-4012024
-42312421 (base 5) to base 6
-11331223
-230233100122 (base 4) to base 3
-211001211122121
Convert 11ab4e5 (base 15) to base 5.
11222210430
Convert 342143043 (base 5) to base 9.
2768270
-1673461 (base 9) to base 8
-3440524
Convert -193545 (base 12) to base 5.
-103111123
Convert -323b3a (base 15) to base 6.
-123134114
Convert 2112490 (base 14) to base 8.
73526156
Convert 436405 (base 7) to base 5.
4423230
What is -11165 (base 8) in base 2?
-1001001110101
Convert -512053425 (base 6) to base 2.
-100001011111001101111001
-26356504 (base 7) to base 15
-32b55d
What is 11110100110011010011 (base 2) in base 13?
291524
-2024223 (base 6) to base 9
-156766
Convert -551345225 (base 6) to base 16.
-96aab1
Convert 271630 (base 12) to base 6.
21500100
844353 (base 10) to base 11
527414
Convert 197200 (base 11) to base 4.
1021310223
What is b737a (base 12) in base 13?
8574a
-61126 (base 13) to base 6
-3420244
-40492 (base 11) to base 7
-334306
-54b255 (base 16) to base 6
-314545325
Convert -168893 (base 10) to base 4.
-221032331
-4e1 (base 16) to base 14
-653
What is -32612 (base 15) in base 16?
-270f8
What is 1015415154 (base 6) in base 2?
101000100001110111001110
Convert -141442122 (base 5) to base 15.
-e775c
21224036 (base 8) to base 7
53344366
1a3194 (base 12) to base 4
1300231000
What is -1436b (base 15) in base 10?
-64901
What is 2794272 (base 12) in base 10?
7907702
-2020111102 (base 3) to base 5
-2402402
-11110110100110011111111 (base 2) to base 12
-2858367
What is -13302402 (base 5) in base 7?
-1100535
What is -21111112100220 (base 3) in base 9?
-7445326
511422 (base 8) to base 6
3341042
What is -111225 (base 9) in base 10?
-66524
Convert -1002011100 (base 3) to base 12.
-10376
Convert -11625 (base 9) to base 5.
-222144
What is -114264611 (base 7) in base 12?
-2469962
What is -16412016 (base 7) in base 12?
-651959
Convert 676a09 (base 11) to base 9.
2022655
-23b27b (base 13) to base 12
-351690
Convert 1213121 (base 5) to base 9.
34376
100824 (base 11) to base 16
278fd
What is -201515 (base 9) in base 12?
-59012
-d921b (base 15) to base 8
-2501520
What is 4102432230 (base 5) in base 11?
4724710
Convert 10101111110110000 (base 2) to base 7.
523325
Convert -1b20e (base 15) to base 8.
-254226
Convert 2b0884 (base 13) to base 3.
1222202121020
Convert -443312434 (base 5) to base 2.
-111010111101111010100
ba592a (base 14) to base 13
1401938
Convert 1012211233 (base 4) to base 6.
10110331
136803 (base 12) to base 15
65893
-10101111000110000 (base 2) to base 12
-43a68
Convert 1033033523 (base 6) to base 13.
23a41a9
-abc1c4 (base 14) to base 2
-10110010000010110000000
Convert -310245132 (base 6) to base 13.
-114cb69
What is 89a6c (base 16) in base 5?
121020240
What is 12a3c1a (base 13) in base 16?
5978df
Convert 10012320222 (base 4) to base 10.
1076778
What is 32a3b (base 16) in base 13?
73544
Convert 395508 (base 11) to base 8.
2277156
Convert 122143 (base 12) to base 9.
487206
What is -102132113012 (base 4) in base 7?
-56110250
Convert -5124106 (base 7) to base 13.
-185308
-330200023 (base 4) to base 12
-bb4b7
Convert -1202125 (base 6) to base 16.
-f4e5
What is -2020000102110 (base 3) in base 7?
-13016664
-100914 (base 11) to base 10
-162155
What is 16320002 (base 7) in base 15?
2147e2
Convert -14512041 (base 6) to base 15.
-a042d
What is -62356 (base 11) in base 5?
-10402212
What is 1352b (base 16) in base 10?
79147
What is 24213253 (base 7) in base 6?
114104114
-12312003 (base 4) to base 5
-1344120
120101112100 (base 3) to base 5
34143142
Convert 12464011 (base 7) to base 12.
470967
What is -7ab2 (base 12) in base 9?
-20668
203831 (base 11) to base 5
40431342
Convert 55224054 (base 7) to base 14.
8b772b
702056 (base 8) to base 16
3842e
Convert -13212441100 (base 5) to base 12.
-5652507
-150270 (base 10) to base 4
-210223332
What is 3455050 (base 7) in base 2?
1101001111100001010
333003111313 (base 4) to base 10
16528759
Convert 11224033 (base 5) to base 9.
164535
-19aa742 (base 11) to base 6
-200251413
-8523823 (base 9) to base 10
-4562751
What is -a0cc5d (base 15) in base 12?
-26836ba
What is -1b0998 (base 12) in base 2?
-1110100110010000100
Convert -45508 (base 13) to base 2.
-11110110010000010
312530 (base 9) to base 11
117496
Convert e3b3d (base 15) to base 5.
141041113
Convert 321230223323 (base 4) to base 9.
31412835
114211243 (base 5) to base 13
15b046
d820a (base 16) to base 15
127473
131235 (base 6) to base 5
340400
Convert 390a5 (base 13) to base 14.
2a6a3
What is -16627016 (base 10) in base 2?
-111111011011010101001000
1588830 (base 10) to base 12
647566
-c4113 (base 15) to base 10
-621243
-100000010010000101 (base 2) to base 3
-20201101101
What is -2020746 (base 8) in base 6?
-15231234
-4a5256 (base 11) to base 3
-1111112001201
Convert 368815 (base 13) to base 14.
25d407
What is -1311011231 (base 4) in base 5?
-110321342
190857 (base 10) to base 16
2e989
What is 110000001011111100 (base 2) in base 11?
12531a
Convert f5a88 (base 16) to base 2.
11110101101010001000
-2101200121 (base 3) to base 10
-47158
1cc8d (base 16) to base 3
12222201201
Convert 10310103130 (base 4) to base 11.
792851
What is 1038a81 (base 11) in base 12?
74165b
-29257 (base 14) to base 11
-6a6a5
221025563 (base 7) to base 12
4555508
What is -323232032020 (base 4) in base 6?
-1315320344
-4476136 (base 8) to base 4
-10213301132
163519 (base 15) to base 11
674237
Convert -3220331122 (base 4) to base 13.
-275422
What is -86057 (base 12) in base 7?
-1333030
What is 2035767 (base 9) in base 14?
204114
-4297a2 (base 12) to base 6
-34325122
Convert -a0c39 (base 16) to base 8.
-2406071
What is 343808 (base 13) in base 14?
242670
Convert -124510445 (base 7) to base 11.
-4553380
What is 13140293 (base 10) in base 9?
26647075
What is -401545 (base 9) in base 3?
-110001121112
Convert 355113330 (base 6) to base 12.
22a2846
-20901aa (base 12) to base 14
-b646b0
What is 384992 (base 11) in base 12?
2531a3
What is -400513504 (base 6) in base 3?
-110201102020211
What is 1025137 (base 8) in base 2?
1000010101001011111
What is 24230100 (base 5) in base 7?
1633342
23423250 (base 6) to base 9
1338223
-111201121200 (base 3) to base 13
-95c91
What is -1939c5 (base 14) in base 3?
-1200101222101
31561522 (base 7) to base 16
29015b
Convert 12423203 (base 5) to base 6.
2352001
Convert 224384 (base 9) to base 16.
20d37
-1423433042 (base 5) to base 9
-7020377
-341983 (base 10) to base 8
-1233737
What is 1bd01 (base 16) in base 2?
11011110100000001
Convert 120210102220 (base 3) to base 14.
81415
Convert -276085 (base 10) to base 7.
-2226625
Convert 15042502 (base 7) to base 6.
50252501
What is 985854 (base 10) in base 3?
1212002100010
-2a90b (base 12) to base 11
-4113a
-5f298 (base 16) to base 5
-44433114
-20300144 (base 5) to base 8
-503452
Convert 11210212121012 (base 3) to base 8.
11600627
Convert 13102 (base 14) to base 13.
18427
Convert 5630131 (base 8) to base 13.
412945
What is 100011000000110101101 (base 2) in base 10?
1147309
What is -43025253 (base 7) in base 13?
-9ac0c5
Convert 11413314 (base 5) to base 6.
2144530
6612633 (base 10) to base 8
31163231
Convert -5816872 (base 10) to base 6.
-324401544
Convert 788b7 (base 13) to base 12.
a68a5
What is b95b (base 12) in base 6?
234155
Convert -425050 (base 12) to base 9.
-1863136
Convert 14c764 (base 13) to base 6.
14555434
-212210020210 (base 3) to base 15
-93ad6
203152320 (base 6) to base 4
31121322120
What is 21021021112210 (base 3) in base 16?
3af34a
What is 1071410 (base 8) in base 5?
33312332
What is -133840 (base 9) in base 10?
-81603
-31604703 (base 8) to base 15
-8d5c07
What is -296c02 (base 14) in base 5?
-332041320
Convert 3838720 (base 10) to base 2.
1110101001001100000000
Convert 31505373 (base 8) to base 7.
111056366
1541150 (base 8) to base 13
126829
-340320 (base 8) to base 7
-655655
What is 214447 (base 13) in base 6?
24422114
d9d0 (base 16) to base 7
321365
What is -42354222 (base 7) in base 14?
-697782
Convert ca25aa (base 13) to base 9.
8833874
-3447ac (bas